 = 1276 - 1280. Calculate n(p).
-5
Let z be 10 - (3 + 18/6). Let h(i) = -12*i + 13. Let w = 4 + -11. Let t(b) = -11*b + 12. Let p(u) = w*t(u) + 6*h(u). Determine p(z).
14
Let w(n) = 7*n**3 + 6*n**2 - n - 15. Let o(i) = 6*i**3 + 6*i**2 - i - 13. Let h(j) = -6*o(j) + 5*w(j). Give h(-5).
-27
Let o(l) = 5 + l**2 + 2 - 2*l**2 + 4*l. Let r(s) = -s**2 - 20*s + 5. Let d be r(0). Give o(d).
2
Let j(z) = 2*z**2 - z. Let f(u) = 3*u - 24. Let b be f(10). Let l(g) = 4*g - 20. Let a be l(b). Suppose -w = -a + 2. Calculate j(w).
6
Let s(p) = 2*p**3 - 42*p**2 - 45*p + 20. Let x be s(22). Let y(o) = -4*o + 4. Determine y(x).
12
Let u(b) = b**3 + 8*b**2 + 7*b - 8. Let d(p) = -p**2 - 2*p + 5. Let l be d(-4). Let f be (-14)/(2 + 3 + l). Calculate u(f).
-8
Let g = -2133 - -2130. Let p(r) be the third derivative of -r**2 + 0 + 0*r + 1/2*r**3 + 1/24*r**4. Determine p(g).
0
Let f(i) = 14 - 14*i + 89*i**2 - 47*i**2 - 41*i**2. What is f(12)?
-10
Let j(h) be the second derivative of -h**3/6 + 2*h**2 - 541*h. Determine j(-15).
19
Let b = 10 - 7. Suppose 10*v - b = -3. Let r(g) = -g - 25. What is r(v)?
-25
Let c(t) = 18*t + 56. Let n(j) = 11*j + 28. Let w(q) = -3*c(q) + 5*n(q). What is w(16)?
-12
Let v(c) = 4*c - 11. Let a(k) = -5*k + 14. Let b(h) = 5*a(h) + 6*v(h). What is b(-7)?
11
Let w be (-1 - -1)*(-5)/20. Let u(h) = -h**2 + h + 16. What is u(w)?
16
Let d = -17 - -32. Let v(n) = -2*n**2 - 10*n - n**3 + d*n + 3 - 2*n**2. What is v(-4)?
-17
Let q(f) = -6*f. Let d be q(-1). Let p = -6 + d. Let r be p + (-5)/(-2 + 1). Let n(x) = x**2 - 7*x - 2. Give n(r).
-12
Suppose 48 = -125*u + 133*u. Let v(b) = -2*b + 11. Give v(u).
-1
Let k(i) = -10*i + 10. Suppose -5*n + 19 = -1, -x + n - 1 = 0. Calculate k(x).
-20
Let m(s) = s + 7. Suppose -4*a - a = -4*d + 4, -5*d + 5 = -3*a. What is m(a)?
7
Suppose -l - 37*l = -114. Let t(j) be the first derivative of -j**3/3 + 2*j**2 - 4*j - 1. What is t(l)?
-1
Suppose 4*p + 30 = -p. Let t(j) be the third derivative of -1/4*j**4 - 13*j**2 - 3*j + 0*j**3 + 0 - 1/60*j**5. Determine t(p).
0
Let v(c) be the first derivative of c**2/2 - 5*c - 5. Suppose 0*d + 3*d = 0. Calculate v(d).
-5
Let l(f) be the third derivative of 1/120*f**6 + 3*f**2 + 0*f + 0*f**3 + 0*f**5 + 0*f**4 + 0. Let w(q) = -2*q + 25. Let g be w(13). Give l(g).
-1
Let h = -169 + 175. Let z(c) = -c + 7. Calculate z(h).
1
Let f(c) be the first derivative of c**2/2 + 13*c + 7. Give f(0).
13
Suppose -2*w + 7 = -1. Let g(m) = -5*m**3 - 5*m**2 - m - 9. Let o(x) = -4*x**3 - 5*x**2 - 8. Let s(r) = 5*g(r) - 6*o(r). Give s(w).
-1
Let v(x) be the first derivative of -x**5/60 - 11*x**3/3 + 2. Let d(g) be the third derivative of v(g). Determine d(-2).
4
Let s(k) = 0*k**2 + 530*k**3 - 267*k**3 - 5*k - 6 - 264*k**3 - 5*k**2. Give s(-4).
-2
Let x(n) = 9*n - 3. Let u(a) = 8*a - 3. Let i(k) = -7*u(k) + 6*x(k). Let v = -33 + 34. Let d be (4*v)/(9 + -7). Calculate i(d).
-1
Let c(h) be the third derivative of -h**4/8 + 2*h**3 + 255*h**2. Calculate c(6).
-6
Let c(y) = -17*y - 14. Let v(r) = 8*r + 8. Let u(w) = -3*c(w) - 5*v(w). What is u(2)?
24
Let k(z) = z**2 + 7*z + 24. Suppose 172 = -28*a + 4. Determine k(a).
18
Let i be 155/(-93)*(-1)/20. Let n(x) be the third derivative of 1/30*x**5 + 0 - 1/6*x**3 - 8*x**2 + 0*x**4 - i*x**6 + 0*x. Give n(1).
-9
Let p(z) = z - 4. Let q(n) = -3*n + 7. Let m(l) = -16*l + 36. Let b(s) = 2*m(s) - 11*q(s). Let y(w) = -3*b(w) + 4*p(w). What is y(-8)?
-9
Let a(r) = r**2 + 12*r - 10. Let i(n) = 15*n + 182. Let y be i(-13). Give a(y).
3
Let m(g) be the first derivative of g**3/3 - 15*g**2/2 - 21*g + 628. Give m(16).
-5
Suppose 12*k + 4*k - 16 = 0. Let l(m) = 17*m**2 - m + 1. What is l(k)?
17
Let d(i) = -1 - 72*i + 0 + 146*i - 72*i. Give d(7).
13
Let n(j) be the first derivative of j**6/360 + j**5/120 + j**4/24 - j**3 - 11. Let u(h) be the third derivative of n(h). What is u(0)?
1
Let t(i) = 11*i + 16. Let o be t(1). Let g(p) = -o + p + 14 + 11. Determine g(5).
3
Let u(g) = g**2 - 7*g + 10. Let j be u(6). Let n(r) = r**3 + r. Let b(z) = -3*z**3 + 2*z**2 - 4*z + 3. Let q(a) = j*n(a) + b(a). Give q(-3).
-6
Let q(u) = 16*u**3 - u + 1. Suppose -46*b + 48 = 2*b. Give q(b).
16
Let o(k) = 3*k**2 + 34*k**2 - 4*k**2 + 11 + 3. Let g(z) = -11*z**2 - 5. Let d(n) = -17*g(n) - 6*o(n). Suppose -3 = u - 4*u. Determine d(u).
-10
Let a = 130 + -105. Let u(f) = -47*f**2 + 1 + 23*f**2 - 8*f - 2 + a*f**2. Give u(6).
-13
Let p(m) = -m**3 + 5*m**2 + 9*m - 13. Suppose 0 = -48*h + 271 + 17. Calculate p(h).
5
Let m(w) = -251*w**2 - 5 - 260*w**2 - 9*w + 512*w**2. Suppose 0 = -5*s + 2*x + 23, -2*s + 8 = -5*x + 3. What is m(s)?
-25
Let s(y) be the second derivative of -y**5/20 - 3*y**4/4 - 2*y**3 - 11*y**2/2 + 6*y - 8. Give s(-8).
21
Let t(r) = 169 - r**3 - 61 - 60 + 6*r**2 - 50 + 3*r. Calculate t(3).
34
Let i be -7 + (-4 - 28/(-4)). Let r(y) = -y**2 + 5. Determine r(i).
-11
Let u(a) = -a**3 + a**2 + a - 6. Let m = 635 - 635. What is u(m)?
-6
Let t(k) be the third derivative of k**4/24 - 13*k**3/6 + 8*k**2. Let v be t(9). Let b be v/(-2) + -11 + 10. Let y(j) = -6*j + 1. Calculate y(b).
-5
Let v(n) = n + 1. Let t(q) be the second derivative of 5*q**3/6 + q**2/2 + 2*q + 21. Let p(i) = 2*t(i) - 6*v(i). Calculate p(-3).
-16
Let l(k) be the first derivative of k**6/360 + k**5/24 - k**4/3 - 10*k**3/3 - 11. Let v(m) be the third derivative of l(m). What is v(-7)?
6
Let n(b) = b**2 - 2*b - 2. Let p be (-4221)/(-168) + 1/(-8). Suppose -2*r + 7*r = p. Calculate n(r).
13
Let t(b) = -b - 16. Let q = 20 - 40. Let x = q - -12. What is t(x)?
-8
Let c(z) = z**2 - 4*z. Suppose 2*o - 4*o - 10 = 0, 0 = -3*u + 4*o + 23. Let m = u + 4. Calculate c(m).
5
Let i be (4/6)/((-6)/153). Let m = -11 - i. Let s(t) = t**2 - 9*t + 9. What is s(m)?
-9
Let f = -1 + 2. Let x(a) = -23*a**2 - 3*a + 5. Let l(n) = 34*n**2 + 4*n - 7. Let i(r) = -5*l(r) - 7*x(r). What is i(f)?
-8
Suppose -5*u - 2*r + 39 = 27, 3*r + 1 = 2*u. Let l(j) = -j**2 + 4*j - 1. What is l(u)?
3
Let y(l) = -3*l - 29. Let z be y(-9). Let s be (18/(-3))/(-1 - z). Let p(v) = v**3 + 6*v**2 + 4*v + 9. Calculate p(s).
-15
Let m(g) = -g**2 + 2*g. Let l be m(2). Suppose 0 = -l*x - x - 2, 0 = 4*b - 5*x - 10. Let v(f) = -f**2 - f - 11. Give v(b).
-11
Let n(r) = r**2 - 9*r - 10. Let t(q) = 21*q**2 - 147*q + 9. Let u be t(7). Calculate n(u).
-10
Let g(t) be the second derivative of t**4/12 + 4*t**3/3 + 5*t**2/2 + 13043*t. Let q(o) = -o**2 - 5*o - 6. Let z be q(-5). Give g(z).
-7
Let h(l) = -l + 79. Let v(s) = 2*s - 177. Let c(m) = 9*h(m) + 4*v(m). What is c(13)?
-10
Let p be (-2)/(-16)*2 - (-396)/144. Let a(m) = m**2 + 3*m - 1. Give a(p).
17
Let t(f) = 6*f**2 - 11 - 5*f**2 + 2*f + 10*f + f**2. Calculate t(-7).
3
Let c(d) = d**3 + 7*d**2 - 9*d - 2. Let w be 27/(-6)*(2 + -10). Let z = 28 - w. Calculate c(z).
6
Suppose w = 6*w + 3*v + 35, 25 = -5*w - v. Let j be (-3)/(0 - -3) + w/4. Let g(m) be the third derivative of -m**5/60 + m**4/24 + m**3/3 + m**2. Determine g(j).
-4
Suppose -2*j = -5*s + 11, -j + 3*s = -2*s + 8. Let m(v) = v**3 - v - 1. Give m(j).
-25
Let c(a) = a**3 + 3*a**2 + a - 2. Let x be c(-2). Suppose x = -i - 18 + 53. Let u(j) = -21*j**2 - 18*j**2 + i*j**2. Give u(2).
-16
Let h(w) be the third derivative of w**6/180 - w**4/12 - w**3/6 - 3*w**2. Let c(i) be the first derivative of h(i). Let o be 2/(17 + -9 + -9). Give c(o).
6
Let g(i) = 2*i**2 - 15*i + 12. Let j(u) = 4*u**2 - 29*u + 23. Let a(f) = -7*g(f) + 4*j(f). Let m be a(4). Let t(z) = 2*z + 3. Calculate t(m).
-5
Let o(l) = -18*l**2 - 13 - 8 + l + l**3 - 9 + 10 - 3. Calculate o(18).
-5
Let m be 2/6 - 713/(-93). Let h(p) = -p**3 + 8*p**2 - 5*p + 10. Give h(m).
-30
Let v(b) = -b + 6. Suppose -4*k = -9*k + 3850. Suppose -10*d = -3*d + k. Let q be 53/11 - 20/d. What is v(q)?
1
Let u(v) = -149*v + 3 - 150*v + 304*v + 2*v**2 + 2*v**2 - 3*v**2. Let b = 5 - 8. Give u(b).
-3
Let a(y) = -y**2 + 7*y - 2. Let j(k) = -13*k - 34. Let p be j(-3). Calculate a(p).
8
Let h(w) = -5*w**3 + 2*w - 7. Let s(k) = 9*k**3 + k**2 - 5*k + 12. Let f(r) = 7*h(r) + 4*s(r). What is f(-4)?
23
Let h(x) be the third derivative of -x**7/140 - x**6/360 + x**5/120 + x**4/24 - 3*x**3/2 - x**2. Let n(y) be the first derivative of h(y). What is n(-1)?
5
Let u(t) = t**3 - 4*t + 17 + 0*t + 5*t. Let g = 358 - 358. What is u(g)?
17
Let f(a) = 2*a**3 - 3*a**2 + 